0*w - 1. Let l(h) = -14*g(h) - z(h). Determine l(3).
49
Let t = 8 - 0. Let y(r) = -r**3 - t*r + 2*r**3 - 15 - 7*r**2 + 22. Calculate y(8).
7
Let d = -11 - -3. Let j = -6 - d. Let s(h) = -1 + j + h - 2. What is s(5)?
4
Let p(v) = -3*v - 3. Let n(l) = -11*l + 3. Let x(t) = -n(t) + 2*p(t). Determine x(6).
21
Let j be 1/(-2) + -1 - (-817)/86. Let o(i) = -i**2 + 7*i - 2. Determine o(j).
-10
Let b(k) = -29*k + 14*k + 16*k. What is b(-3)?
-3
Let w(a) = -4*a + 30. Let g(b) = -6*b + 31. Let i(r) = -3*g(r) + 4*w(r). Give i(-14).
-1
Let j be (60/(-8))/5*(-4)/6. Let q(y) = -2*y**2 - 6 + 7 - j + y**3 + 2*y. Calculate q(3).
15
Let j be -2*(2 - (-14)/(-4)). Let x(f) = -31*f**2 + 6*f - 4 + 20*f**2 + 7*f**2. Let q(k) = -k**2 + k - 1. Let o(g) = j*q(g) - x(g). Calculate o(5).
11
Let h = -30 + 52. Suppose 27*s - 15 = h*s. Let p(y) = y**2 - 2*y + 2. Give p(s).
5
Let a(k) be the first derivative of k**7/840 + k**6/180 - k**5/60 - 6*k**3 - 24. Let l(h) be the third derivative of a(h). What is l(-4)?
-24
Let d(f) = f**2 + 0 - 5 + 18*f - 4*f. Let w(l) = l**2 + 13*l - 4. Let t(m) = -5*d(m) + 6*w(m). Let i = 53 + -59. What is t(i)?
-11
Let j(d) be the third derivative of 0*d - 1/8*d**4 + 0 + 34*d**2 - d**3. Determine j(-4).
6
Let s = -4 - -6. Let x(p) = -5*p**2 - p - 2. Let o be x(s). Let r = o + 30. Let h(n) = -n**2 + 7*n - 1. Calculate h(r).
5
Let i = -228 + 231. Let q(d) = 3*d**2 - 4*d + 6. Give q(i).
21
Let o(p) = -8*p**2 - 7*p. Let d be (-7)/(-3) + 3/(-9). Let w(m) = m**2 - 5*m**2 + d*m + m + 8*m**2. Let i(x) = -2*o(x) - 5*w(x). Calculate i(1).
-5
Let r(j) = j**2 - 2*j**2 - j**3 - j - 4*j**2. Suppose -104 = 5*h - 0*o - 2*o, 2*o + 96 = -5*h. Let w be 1/(((-24)/h)/(-6)). Calculate r(w).
5
Suppose -7*z = -3*z - 20. Suppose 5*j = 2*s - 9, 0 = z*s + j - 1 - 8. Let x(a) = -19*a**3 - a + 0*a**2 + 4 + 20*a**3 + 0*a**2 + a**s. Give x(0).
4
Let s(o) = -16*o**3 - 9*o**2. Let h(p) = -2*p**3 - 4*p**2 + 0*p**2 - 6*p**3. Let m(r) = -7*h(r) + 3*s(r). Determine m(1).
9
Let s(f) = 2*f**3 - 51*f**2 + 26*f - 15. Let j be s(25). Let r(k) = -k**2 + 11*k - 12. Calculate r(j).
-2
Let h(q) = -q**2 + 15*q + 5. Let r be h(0). Let y(n) be the third derivative of 0 - n**2 + 5/6*n**3 - 1/4*n**4 + 0*n + 1/60*n**r. What is y(4)?
-3
Suppose -8 = -2*b + 4*m, -30 + 18 = -3*b + 3*m. Let x(w) = w**3 - 5*w**2 + 6*w - 1. What is x(b)?
7
Let i(y) = 26*y. Let j(z) = 2*z. Let p(q) = i(q) - 12*j(q). Suppose -c = r, -c + 5*r = c - 14. Give p(c).
4
Let v(z) be the first derivative of -1/3*z**3 - 9*z - 3*z**2 - 45. What is v(-7)?
-16
Let a(x) = 18 - 35 + x**2 + 5 + 8 + 4*x. Give a(-7).
17
Let o(s) = -4*s - 41. Let u(v) = v + 10. Let a(n) = 2*o(n) + 9*u(n). Let y(c) = 1. Let j(r) = -a(r) + 5*y(r). What is j(-11)?
8
Let k(n) be the second derivative of n**5/20 + 5*n**4/12 - n**3/3 + 3*n**2 - 156*n. Calculate k(-6).
-18
Let z be -1 + 0 + 240/(-8). Let m = z - -26. Let v(b) be the third derivative of -b**5/60 - b**4/24 + 7*b**3/6 - b**2. What is v(m)?
-13
Let o(r) be the second derivative of -r**4/12 + 3*r**3/2 - 3*r**2 - 158*r. Determine o(7).
8
Let u(k) = -2*k + 22. Let m be u(0). Let y = 17 - m. Let w(o) = -3*o - 7. Let g(t) = -16*t - 34. Let h(d) = -2*g(d) + 11*w(d). Determine h(y).
-4
Let i(u) be the second derivative of -u**4/12 - u**3/3 - 3*u**2 + 3*u + 3. Determine i(0).
-6
Suppose 3*f = p + 6 + 8, -2 = p. Suppose 3 = 5*u - f*j - 36, j = -5*u + 34. Let o(k) = k**2 - 10*k + 2. What is o(u)?
-19
Let v = 1 + 21. Suppose -10*l = 72 - v. Let o(m) = -2 + 0 + 4 - m + 2. Give o(l).
9
Let c(u) = 37*u - 18. Let w(y) = -13*y + 6. Let d(m) = -6*c(m) - 17*w(m). Determine d(-13).
19
Let n(m) = 4*m - 4. Let g be n(4). Let c(z) = -4*z + 4*z**2 + 9 + 6*z**2 + z**3 + g*z - 2*z**2. Calculate c(-7).
2
Let y(b) = -20 + 82*b + 82*b + 87*b - b**2 - 261*b. Give y(-8).
-4
Let f(z) be the second derivative of -3*z**5/20 - z**4/12 - z**3/3 - z**2/2 - 10*z. Let s(x) = x**2 + 4*x - 1. Let g = -9 + 5. Let b be s(g). Determine f(b).
3
Let i = -3 + 5. Let d(t) = -3 + t - i - 1. Let y be -5 - -7 - (3 - (5 - -1)). Calculate d(y).
-1
Let x(w) = w**3 - 62*w - 3*w**3 + 2*w**2 - 4 + 136*w - 70*w. Let r be x(2). Let u(c) = 3*c - 1. Give u(r).
-13
Let x be (-19)/((-76)/(-16))*(0 - 1). Let l(i) = i**3 - 2*i**2 - i + 5. Determine l(x).
33
Let j be 34/5 + 504/(-630). Let g(l) = -7*l + 15. Give g(j).
-27
Let x be 702/(-72) + 1/(-4). Let k = x + 9. Let p(h) = -12*h**3 - h**2. Calculate p(k).
11
Let t(d) = d + 2. Suppose l + 3*l = 8. Suppose -4*a = 5*x - 50, -l*x + 4*a + 4 = 2*x. Suppose -x + 4 = -h. Give t(h).
4
Let i(z) = -3424*z - 2*z**2 - 4 + 3423*z + 2. Determine i(2).
-12
Let x(c) = c**2 + 2*c - 6. Let s = -35 - -45. Suppose -3*u - 4*j = s, 3*u + 7 + 9 = -j. Determine x(u).
18
Let m(f) = -37 + 20 + 16 - 9*f**3. Determine m(-1).
8
Let t(q) be the first derivative of -q**2/2 - 11*q - 39. What is t(-4)?
-7
Let f(r) = 9*r**2 - 3 + 5*r**2 + r - r**2 + 5*r**3 + 6*r. Let b(y) = y**3 + 3*y**2 + 2*y - 1. Let m(z) = 9*b(z) - 2*f(z). Let j = -25 - -27. What is m(j)?
1
Let v(w) = -4*w**3 - w + 4*w + 3*w**2 + 4 - w**2 + 5*w**3 + 2*w**2. What is v(-3)?
4
Let f(h) = -6*h**2 + 55*h + 60. Let o(d) = d**2 - 11*d - 12. Let w(g) = -2*f(g) - 11*o(g). Let l be w(-10). Let r(x) = -6 + 12 + 2*x - 3 - 2. Calculate r(l).
5
Let s(h) be the first derivative of h**4/4 - h**2/2 + 9*h + 8. Suppose 0 = -0*i + 3*i + r, 2*i - 5*r = 0. Determine s(i).
9
Let t(j) = 3*j**3 + 8*j**2 + 4*j + 4. Let v(y) = -2*y**3 - 7*y**2 - 4*y - 3. Let w(g) = 4*t(g) + 5*v(g). Let l be (-27)/12 + 3 - (-18)/8. Determine w(l).
16
Let z = 2597 + -2600. Let w(u) = -u**2 - 1. Let v(b) = -b**3 - b**2 - 5*b + 1. Let g(t) = -v(t) - 4*w(t). What is g(z)?
6
Let b(k) = -8*k**3 + k**2 + 7*k**3 + 0*k - 5*k + 4 + 6*k - 2*k**2. What is b(0)?
4
Let i(l) = -l**3 + 9*l**2 - 2*l + 13. Let x be i(9). Let o(y) be the first derivative of -1/4*y**4 + 5*y - 5/3*y**3 + 4 - 1/2*y**2. Calculate o(x).
10
Let h be -10*(279/126 - 10/(-35)). Let y(x) = x**3 + 26*x**2 + 24*x - 29. Calculate y(h).
-4
Let n(z) = 8 - 2*z - 2*z**3 + 3*z**3 - 13 + 4*z**2. Suppose 5*d = -4*r + 9, 4*r = 3*r - 5*d + 21. Let s be n(r). Let u(g) = 2*g**2 - 4*g - 1. Calculate u(s).
5
Suppose -3*b - 51 = -r - 34, -b + 5 = 5*r. Let k(j) be the second derivative of -1/3*j**3 + 0*j**r + 9*j + 0. Give k(5).
-10
Let r(a) = -4*a**3 + 15*a**2 - a + 10. Let h(p) = -11*p**3 + 44*p**2 - 4*p + 31. Let c(n) = 3*h(n) - 8*r(n). What is c(12)?
-35
Suppose 15*s - 16 - 14 = 0. Suppose 5*j + 2 = s*l, j - 16 - 4 = -3*l. Let y(t) = -t**3 + 5*t**2 + 7*t + 2. Give y(l).
8
Let i(c) = 2*c + 3*c**2 + 9 + 3 - c**2 + 5 - 27. Give i(0).
-10
Let p(n) be the third derivative of 7*n**6/120 - n**5/60 + n**4/24 + n**3/6 + 6*n**2. Suppose v + 3*v = -s - 7, -3*s - 10 = v. Calculate p(v).
-8
Let c(q) = -81*q + 43*q + 39*q. Let y(u) = -12*u + 1. Let w(d) = -3*c(d) - y(d). Give w(1).
8
Let n = -945 + 956. Let x(g) = -2*g + 13. Give x(n).
-9
Let p(r) be the second derivative of -5*r**3/6 - r**2/2 + r. Suppose -5399*c + 5367*c + 32 = 0. What is p(c)?
-6
Let q(u) be the third derivative of u**5/30 + u**4/8 + 752*u**2. What is q(-2)?
2
Let f(z) = -z + 23. Let q be (-14)/(-6)*(-74 + 77). Give f(q).
16
Let o(y) = 3*y**2 - 35*y + 6. Let z(w) = w**2 - 12*w + 2. Let u(q) = 6*o(q) - 17*z(q). Calculate u(6).
2
Let b(w) = w**3 - 9*w**2 - 8*w - 7. Suppose -5*j = 3*q - 47, -j - 3 = 4*q - 9. Calculate b(j).
13
Let o(l) = 12*l - 2. Let f(t) = t. Let s(p) = 10*f(p) - o(p). Let y = 76 + -71. Suppose 0 = -y*d - 14 - 1. What is s(d)?
8
Let d(q) be the first derivative of q**4/12 - 2*q**3/3 - 3*q**2/2 - 17*q + 1. Let c(y) be the first derivative of d(y). What is c(5)?
2
Suppose -15*s - s - 10*s = 0. Let k(g) be the third derivative of s + 0*g + 1/24*g**4 - 1/60*g**5 - 9*g**2 + 1/3*g**3. What is k(-3)?
-10
Let d(r) = 14*r**3 - r**2 + 2*r - 1. Suppose 4*s + 137 = -5*p, 6*s - 2*s + 2*p + 134 = 0. Let q = s + 34. Determine d(q).
14
Let n(j) be the second derivative of j**6/45 - 11*j**3/6 + 2*j. Let m(r) be the second derivative of n(r). Calculate m(-1).
8
Let t(n) = -n**3 + 8*n**2 + 8*n + 12. Let w be t(9). Let i(a) = -a + a**2 + 6*a + 3*a**3 - 5*a**w - 3*a + 2. What is i(-2)?
18
Let b(s) be the third derivative of s**5/60 + s**4/12 + 55*s**2. Give b(-3).
3
Let d(o) = o**2 + 13*o + 10. Suppose 65 = -17*l - 122. Calc